uppose 3*h - 4*x = -6, 3*h = 2*h - 3*x + 11. Suppose -q - 4 = -h*c + q, 4*q + 2 = c. Let t(g) = -3*g**3 + 3*g**2 - 3*g + 3. Calculate t(c).
-15
Suppose -24 = -5*i + 5*y - 3*y, 0 = -i - 3*y + 15. Let r(o) = -13*o**2 + o**3 + 8*o**2 + 0*o + 5 - o**2 - 3*o. What is r(i)?
-13
Let v(c) be the second derivative of -c**7/2520 - c**6/360 + c**4/3 + c. Let x(z) be the third derivative of v(z). Determine x(2).
-8
Let b be ((-8)/6)/(1/12). Let x be 2/b*-2*4. Let o(u) = 4*u**3 - u**2. Give o(x).
3
Let c(o) = 3*o**3 + 5*o**2 - 5. Suppose -4*y - 3 = 4*p + 5, 4*p + 16 = 4*y. Let l(q) = -2*q**3 - 4*q**2 + 5. Let t(s) = p*c(s) - 4*l(s). What is t(0)?
-5
Suppose 0 = m - 9*m - 24. Let k(s) = -2*s. What is k(m)?
6
Let a(p) be the second derivative of -p**4/8 + p**3/6 - 3*p**2/2 + 3*p. Let i(o) be the first derivative of a(o). Calculate i(-1).
4
Let s(o) = 2*o**3 + 3*o**2 + 5*o + 3. Let m(y) = y**3 + 2*y**2 + 3*y + 1. Let d(q) = 5*m(q) - 3*s(q). Give d(3).
-22
Let o(d) = -9*d**3 + 4 - 1 - 2 - d**2. Give o(1).
-9
Let y(b) = 2*b + 0*b - 10*b - 2 + 3. Determine y(-1).
9
Suppose -4*o - 3*s = -3*o + 8, 5*s = -5*o - 20. Let r(t) = -t**3 - 3*t**2 + 4*t + 3. Give r(o).
-9
Let k = 8 - 5. Let t(n) = 9*n**3 + 19*n**2 - 6*n + 17. Let i(h) = -3*h + 9*h**3 + 4*h**2 + 0*h - 4*h**3 + 9 + 6*h**2. Let v(o) = 11*i(o) - 6*t(o). Give v(k).
-3
Let y(h) = -7*h**2 + 6*h - 11. Let c(k) = 4*k + 3. Let j be c(-2). Let p(d) = 3*d**2 - 3*d + 5. Let z(l) = j*p(l) - 2*y(l). What is z(2)?
-1
Let i = -11 - -18. Let u(r) = r**3 - 8*r**2 + 7*r - 9. Determine u(i).
-9
Let x = -5 - -6. Let q be ((-3)/2)/(x/(-2)). Let l(h) = h**2 - 4*h + 2. Calculate l(q).
-1
Let j = -8 + 10. Let r = j - 0. Let i(b) = -r*b + 2 + 1 + 2. Determine i(4).
-3
Let d(q) be the second derivative of -1/6*q**3 - 1/12*q**4 - 3*q - 1/2*q**2 + 0. What is d(2)?
-7
Let z(u) = -4*u - 7. Let n(x) = x + 2. Let r(k) = -9*n(k) - 2*z(k). What is r(-6)?
2
Let d(q) be the first derivative of -q**4/4 + 5*q**3/3 - 2*q**2 - 3*q - 2. Suppose -4*i + 1 + 15 = 0. Give d(i).
-3
Let y(c) be the first derivative of c - 5/3*c**3 + 0*c**2 - 4. Calculate y(-1).
-4
Let n(t) = -3 + 12 + 3 + t - 7. Determine n(-7).
-2
Let j be (1 - -1)*1/2. Let d be (j - 1) + (1 - 2). Let w(t) = -t**2 - 3*t + 4 - 5 + 2*t. Determine w(d).
-1
Suppose p = 2*p - 2. Suppose -a = -4*r + 16, a + p*r - 8 = -2*a. Let h(j) = j**3 - j**2 - j + 7. Give h(a).
7
Let i(l) = l + 16. Let c be i(6). Suppose -4*n = 2*f + c, -2*n + 8 = 2*n - 4*f. Let h(q) = -q**3 - 2*q**2 + 3*q - 3. Determine h(n).
-3
Suppose 5*s - 1 - 4 = 0. Let c be s*2 + (2 - 1). Let a(l) = -l + 1. What is a(c)?
-2
Let c(t) = 2 + 3*t**2 - 12*t**2 - 3 + 8*t + 8*t**2. Calculate c(7).
6
Suppose -h = 2*h - 21. Suppose -2*m + 3*n + 6 = -0, -5*m + 2*n - h = 0. Let o(c) = 0 - 3 - 2*c + 0. Give o(m).
3
Let y = 6 + -2. Let x(o) = -o**2 + 4*o + 2. Determine x(y).
2
Let b(p) = -5*p - 5. Let f(n) = -2*n - 3. Let r be f(5). Let z(a) = 11*a + 10. Let y(l) = r*b(l) - 6*z(l). Calculate y(3).
2
Let p(j) = j**3 + j - 2. Suppose 10 - 30 = -2*h + 4*w, -5*w - 25 = -2*h. Give p(h).
-2
Let q(z) = 3 - 3 + 17*z - 20*z + 6. Give q(4).
-6
Let j(i) be the first derivative of 15*i**4/4 + i**3/3 + i**2/2 + i + 2. Calculate j(-1).
-14
Let n(r) = -8*r**2 + 4*r. Let j(k) = -k**2 + k. Let a(x) = -5*j(x) + n(x). Let p(f) = -f + 1. Let z be p(0). What is a(z)?
-4
Let v(i) = -i + 2. Let c(k) = -k**2 - 7*k - 16. Let w be c(-4). Determine v(w).
6
Let k(m) be the third derivative of m**5/10 - m**3/6 - 4*m**2. What is k(-1)?
5
Suppose 0 = -4*a + 8*a - 20. Let r(w) be the second derivative of 1/4*w**4 + 0*w**2 + 1/6*w**3 + 0 + 1/10*w**a - 2*w. Calculate r(-2).
-6
Let n(w) = 1 - 1 + w**3 - 2 + 4*w**2 - 5*w. Suppose 6*g - 3*g + 4*b = 19, 4*g + 5*b - 27 = 0. Let x = 8 - g. Calculate n(x).
-2
Let a(y) = -y**2. Let d(s) = -3*s**2 - 2*s - 2. Let g(i) = 2*a(i) - d(i). Let q(v) = v**2 + 7*v - 2. Let o be q(-7). Determine g(o).
2
Let u(a) be the third derivative of -a**6/12 + a**4/24 - a**3/6 - a**2 + 4*a. Determine u(1).
-10
Let u(g) = 2*g**2 - 3 - g**2 - 3*g - 3*g + 2*g. Calculate u(4).
-3
Let v = 10 - 6. Let q = 2 + v. Suppose 0 = -0*d + d + q. Let w(u) = -u**3 - 5*u**2 + 5*u - 5. Give w(d).
1
Let f(q) = -2*q - 2. Let r = 0 + -26. Let t be 6/15 - r/10. Let c be ((-4)/2)/(t/6). Determine f(c).
6
Let k(h) = -h**2 - 3*h + 4. Let x(i) = i**2 - 6*i - 1. Let o be x(7). Let g(w) = -8*w + 1. Let z be g(-1). Let t = o - z. Determine k(t).
4
Let x(f) be the third derivative of f**2 + 0 + 1/120*f**6 + 3/2*f**3 + 0*f**5 + 0*f + 1/24*f**4. Suppose 5*h + 8*h = 0. Determine x(h).
9
Let k(v) = 2*v + 5. Let g = -1 - -4. Suppose -a - 6 + g = c, 0 = 5*a - 5*c + 35. Determine k(a).
-5
Suppose -3*n + n = -18. Let t(k) = -k**2 - 4*k + 1 + k - 2*k. Let x(f) = 2*f**2 + 10*f - 1. Let o(r) = n*t(r) + 4*x(r). What is o(-5)?
5
Let z = -19 - -13. Let l(w) = 14*w + 20. Let j(r) = 5*r + 7. Let q(p) = z*l(p) + 17*j(p). Determine q(6).
5
Suppose 0 = z + 3*y - 4*y - 4, 0 = 3*y. Let l(k) = -3*k**2 - z*k**2 - 3*k**2. Give l(1).
-10
Let i(v) = 5*v**2 + v. Suppose 0 = -6*m + m - 20, 4*o - 5*m - 24 = 0. Let g be i(o). Let r(z) = z**2 - 6*z + 2. Determine r(g).
2
Let a(p) = p**2 - p. Let w be (-4)/(-10) + (-24)/(-15). Let t be (12/(-6))/(4/(-6)). Suppose -w*z + 1 + t = 0. Calculate a(z).
2
Suppose 0 = -5*y + 2*y + 3. Let a(w) = 3*w - 1. Let z(d) be the second derivative of 5*d**3/3 - 2*d**2 + 3*d. Let n(o) = -7*a(o) + 2*z(o). Give n(y).
-2
Let z = 5 + -2. Let h(a) = 2*a - 6 - a**z + 6. Suppose -4*m - 3 = 5. Give h(m).
4
Let h(a) = -a**3 - 2*a**2 + 1. Suppose -2 = 2*p - 4. What is h(p)?
-2
Let m be (-19)/5 + (-7)/35. Let o(k) = -2*k**2 - 6*k - 6. Calculate o(m).
-14
Let q(m) = m**3 - 2*m**2 - m - 1. Let y be q(2). Let r(u) = -u**3 + 0*u**3 - u + 35*u**2 - 38*u**2 - 4. Determine r(y).
-1
Let y(q) = -q**2 - 3*q - 2. Suppose 3*u + 2*r = 34, -r = -4*u - 6*r + 50. Let i be 6/(-15) + (-16)/u. What is y(i)?
0
Let v(w) be the third derivative of w**5/60 - w**4/8 - w**3/2 + w**2. Give v(3).
-3
Let l(m) = -3*m + 2. Let w(h) = h**2 + 6 - 4*h - 4*h + 9 + 0*h**2. Let r be w(6). What is l(r)?
-7
Let y be (-152)/(-36) - (-10)/(-45). Let j(c) = -c**2 + 2*c - 4. Calculate j(y).
-12
Suppose 5*o = -4*v + 52, 1 = -o - 0*v + 3*v. Suppose f + o = 4*i, -5*f - 3*i - 4 = -5*i. Let t(g) = g**2 + g - 7. Give t(f).
-7
Let n(b) = b**3 + 1 - 2 + 6 - 3*b - 6*b**2 + 6*b. Calculate n(5).
-5
Let x(m) = m**2 + m - 7. Let l(p) = p**3 + 5*p**2 + 7*p + 3. Let z be l(-3). Give x(z).
-7
Let k(g) = -4*g + 6. Let q(s) = s. Let i(b) = -k(b) - 3*q(b). What is i(-6)?
-12
Let v(n) = -n**2 + 6*n - 6. Let m(t) = t**3 - 5*t**2 - 4*t - 8. Let x be m(6). Suppose 5*w = 4*u - 15, x*w = 3*u - 6 - 5. What is v(u)?
-1
Let n(q) = 11*q + 2 - 10 - 12*q. Let r be n(-10). Suppose -r = v - 1. Let i(x) = -2*x**2 + x. What is i(v)?
-3
Let a(l) = l**3 + 6*l**2 + 6*l + 2. Suppose 21*c = 26*c + 25. Calculate a(c).
-3
Let m(n) be the second derivative of 1/3*n**3 + 3/2*n**2 + 0 - 3*n. Let u = -1 - 3. Calculate m(u).
-5
Let z(k) = -12*k + 1. Let t(b) = 25*b - 3. Let f(c) = -4*t(c) - 9*z(c). Determine f(-2).
-13
Let x = 4 + -22. Let j = -12 - x. Let v(d) = -3 + 9 - d + 6. Determine v(j).
6
Suppose k + 4*v = 12, -k - v + 6 = 3. Suppose k = -h + 2. Let m(b) = 5 + 3 - 2*b - 7 - 2*b. Give m(h).
-7
Suppose 0 = -4*m + g - 8, m + 9 = g + g. Let c = 8 - 11. Let d be m/c + (-42)/(-9). Let l(h) = -h**2 + 7*h - 6. Determine l(d).
4
Suppose 2*d - 5 = 3. Let b(l) = -d*l + 4 + 4*l - 5*l - 3*l + l**2. What is b(6)?
-8
Suppose 3*a - 9 = -t, 2*a - 12 = -2*a + t. Let w(g) = 4*g**2 - a*g - 2*g**2 - 1 + g. Suppose -5*z - 1 = 3*h + 4, h - 1 = z. Give w(z).
3
Let a(l) be the first derivative of -1/3*l**3 - l**2 - 3*l - 5. Determine a(-3).
-6
Let w = -8 - -6. Let a(g) = 1 + 2*g**3 + 3 - 6 + 3*g**2. Calculate a(w).
-6
Let j(y) be the second derivative of -y**4/12 + 4*y**2 - 8*y. Determine j(0).
8
Let h(b) = 4*b**2 - 3*b - b**3 + 4 + 0 + 3*b - 3*b. Let o be h(3). Let c(d) = -2*d + d**2 - 4 + o*d - d. Calculate c(-3).
2
Let t(b) = b**2 - 2*b + 2. Suppose n - 8 = -0*n. Suppose -k - k = -n. Suppose 4*f + 4 = k*l, -2*l - 14 + 44 = 5*f. Determine t(f).
10
Suppose -9*p = -11*p. Suppose -k - 3*k - 28 = p. Let u(b) = b**2 + 8*b + 9. Determine u(k).
2
Suppose -5*s + 36 - 1 = 0. Let j(p) = -p - p**2 + 2*p**2